 = -n + 1, t - 7 = -3*n. Suppose -4*s = 4*d + 1 + 15, d = -n*s - 8. Let f(j) = j**3 - 3*j - 7 + d*j - 4*j**2 + j. Give f(5).
8
Suppose -2*z = u - 7*z + 4, -2*u - 2*z + 4 = 0. Let o(s) = -2*s - 3. Let h be o(-5). Let i(x) = -3*x**2 + h*x**2 + 0*x**2 + x**2 - u + x. Determine i(1).
5
Let t(f) = -11 + f**3 + 22 - 5 + f + 4*f**2 - 11. Determine t(-4).
-9
Let d(z) be the second derivative of -z**4/6 - 5*z**3/3 + 2*z**2 + 2*z - 77. Give d(-5).
4
Suppose 24 = 8*j - 8. Let i(p) = 234*p**2 + j*p - 233*p**2 - 3*p - 7 + p. What is i(-6)?
17
Let q(f) be the second derivative of -f**4/6 - f**2 - 132*f. Give q(-5).
-52
Let x(y) = -y**2 - y + 2. Let v be 169/(-39) + (-2)/3 + 1. Give x(v).
-10
Let i(y) = -y + 4. Let n = 149 - 146. What is i(n)?
1
Let z(i) = 3*i. Let x be z(-1). Let l = 64 + -40. Let p(o) = 2*o - l*o**2 + 11*o**2 + o + 14*o**2 - 1. Calculate p(x).
-1
Let n(o) = -o**2 + 19*o + 25. Suppose 0 = 184*l - 168*l - 320. Calculate n(l).
5
Suppose 660 = 68*w - 24*w. Let t(r) = -r**2 + 16*r. Give t(w).
15
Let v(n) = 222 - 106 + 2*n - 109. Let p = -2 - -20. Let u be p/(-15)*(-1 - -6). Give v(u).
-5
Let l(c) = 3*c**3 + 21 - 42 - 2*c**2 - c**2 + 18 - 2*c**3 - 6*c. Calculate l(5).
17
Suppose 0 = -7*f - 120 - 55. Let p = -30 - f. Let q(t) = 7*t**3 + 3*t - 6. Let h(z) = -z**3 + z**2 + 1. Let s(a) = 6*h(a) + q(a). Calculate s(p).
10
Let b = 426 - 428. Let o(n) = 19*n - 2. What is o(b)?
-40
Let h(y) = -7*y**2 + 29*y**2 - 20*y**2 + y + 9*y - 12. Give h(-7).
16
Let p be -8 + 7 + 1 - (1 + -4). Let q(y) = -y**3 + 4*y**2 - 5*y + 7. Calculate q(p).
1
Let q(d) = -d**3 - 3*d**2 - 2*d. Let g = 26 + -29. Let c be q(g). Let b(i) = -i**3 + 7*i**2 - 7*i + 6. What is b(c)?
0
Let b(k) = 3*k**2 - 5 + 10 + 8*k - 4*k**2. Let l be b(8). Let p(n) = -4*n**3 - n + 0*n**3 + n**2 + l*n**3 - 1. Determine p(-1).
0
Let r(z) = 1 + 1 - 7*z - 4*z**2 + 3*z**2. Let o = -85 + 85. Suppose 2*d - d + 5 = o. Give r(d).
12
Let k(g) = g + 2. Let q be k(-3). Let j be 4/q*(-1)/2. Let m(v) = 2*v + 2*v - 5*v + j*v. Give m(-4).
-4
Let i(b) be the first derivative of 2*b**3/3 + 3*b**2 + 2*b + 38. Suppose 2*g - 10 = 4*a, 4*a + 3*g = -a - 29. What is i(a)?
10
Suppose 0 = 5*d - 0*d - 55. Let i(k) = 2*k**2 + 7*k - 17. Let x(t) = -t**2 - 4*t + 9. Let n(j) = d*x(j) + 6*i(j). Let p = 3 + -5. Give n(p).
5
Let p(k) = -6*k - 218. Let c be p(-36). Let y(u) = 4*u**3 + u**2 + u - 1. Determine y(c).
-31
Let v = 290 + -285. Let x(o) = o**2 - 7*o + 17. Determine x(v).
7
Let j(t) be the first derivative of t**4/4 + 5*t**3/3 + t**2 - 5*t - 130. What is j(-4)?
3
Let p(a) = a**3 - 13*a**2 + 11*a + 14. Let q be p(12). Let h be (3 + q)/((4/4)/1). Let t(k) be the third derivative of -k**4/24 + k**2. Calculate t(h).
-5
Let f(n) = -7*n**3 + 28*n**2 - 35*n + 24. Let g(z) = -3*z**3 + 14*z**2 - 17*z + 12. Let q(u) = 2*f(u) - 5*g(u). What is q(13)?
14
Let h(k) be the first derivative of k**3/3 - 3*k**2 + 2*k + 70. Give h(5).
-3
Let m(q) = -q**3 - 4*q**2 + q - 3. Suppose -10*h = -56 - 94. Suppose 4*z - z + x = -h, -2 = 2*z - 2*x. Determine m(z).
-7
Let a(l) = l**3 + 12*l**2 + l - 2. Let c be a(-12). Let i = c - -34. Suppose 2*j = 4*d + 8, 2*d = 5*j + 3*d - i. Let z(p) = -p + 4. What is z(j)?
0
Let t(a) = 7*a**3 + a**2 + a - 2. Suppose -30*y + 29*y + 1 = 0. Give t(y).
7
Let x(d) = d**2 + 6*d + 7. Let l be x(-5). Let r(q) = -1 - 3 + l + 3 - q. Determine r(0).
1
Let j(y) = y + 12. Let l(i) = -10*i + 20. Let m be l(-7). Suppose -3*g + m = -12*g. Give j(g).
2
Let v(p) = 8*p + p**3 + 4*p**2 + 15*p + 9*p**2 - 15 + 25. Let o be v(-11). Let j(k) = -7*k**2 - 4*k**2 + 0*k**2 - 1. Calculate j(o).
-12
Let a(k) be the first derivative of 4*k**3/3 - 3*k**2/2 + 2*k + 106. Determine a(1).
3
Let b(n) = -n**2 + 17. Let w(h) = h**3 - 4*h**2 - 5*h. Let g be w(5). Give b(g).
17
Suppose 3*i + 3*d = -2*d - 2, -d - 5 = -4*i. Let n(p) = -18 - p + i + 10. Determine n(-5).
-2
Suppose -2*g + 5*m = 6, 7*g - 19 = 6*g - 3*m. Let n(b) = b**2 - 12*b + 13. What is n(g)?
-22
Let s be (-44)/286 + (-160)/(-26). Let g(k) be the third derivative of 1/60*k**5 - 2*k**2 + 0 - k**3 + 0*k - 1/4*k**4. Calculate g(s).
-6
Let w(i) = -i**3 + 7*i**2 - 3. Suppose 3*d - f + 13 = 37, 2*d - 16 = -f. Suppose -2*q + 6 = -d. Determine w(q).
-3
Suppose -382*v = -383*v + 1. Let p(n) be the first derivative of n**4/2 + n**2/2 - n - 1. Calculate p(v).
2
Let a(x) be the first derivative of -x**2/2 - 8*x + 5. Let v be a(-11). Let p(c) be the third derivative of -c**5/60 - c**4/12 - 4*c**2 + 4. What is p(v)?
-15
Let x(s) = s**2 - s - 4. Suppose -3*m - 8 = p - 51, -36 = -m + 4*p. Suppose -46 = 10*c - m. What is x(c)?
8
Let y(k) be the third derivative of k**6/120 + k**5/10 - 3*k**4/8 - 23*k**3/6 - 2*k**2 - 63*k. What is y(-7)?
-9
Let p(s) be the second derivative of -s**5/20 + 7*s**4/6 - 7*s**3/3 + 23*s**2/2 + 6*s - 1. Calculate p(13).
10
Let l(k) = -13 - 2*k + 28 - 7*k**2 - 2*k**3 + 3*k**3 - 9. Give l(7).
-8
Let d(k) = 450 - 9*k + 2*k**2 - 222 - 226. Determine d(5).
7
Let l(r) = 52 + 46 - 100 - r - 3*r. What is l(-3)?
10
Suppose f + 7 = c - 4*c, 3 = -3*f - 3*c. Suppose 0*q = f*q - 4. Let t(y) = -3*y**q - 3*y - 3 + 7*y + 3 + y**3. What is t(3)?
12
Let i = 6 + -1. Let b(x) = 8*x + 35. Let t(z) = 6*z**3 + z**2 - 1. Let v be t(1). Let j(a) = -3*a - 12. Let r(n) = v*b(n) + 17*j(n). Give r(i).
-9
Let s(a) = -a**2 + 5*a - 6. Let w = -11 - -19. Suppose -12 = -4*q + w. Give s(q).
-6
Let m(j) be the second derivative of j**5/20 + j**4/3 + j**3/6 - j**2 - 2*j - 1. What is m(-3)?
4
Let h(l) = -l - 5. Suppose -2*a = -a - 2. Suppose -g + 2*g + 3*j = -11, -a*g + 28 = -4*j. Let b be g/(-18) - 488/72. Calculate h(b).
2
Let b(k) = -3*k - 2. Let d(s) = 7*s - 45. Let z be d(6). What is b(z)?
7
Let s(q) be the first derivative of -q**3/3 - 3*q**2 + 7*q - 8257. Let w = 6 - 1. Suppose w*f - 19 = 4*a, 0*a + 3*f = -5*a - 33. Calculate s(a).
7
Let j(x) = -x**2 + 25*x - 33. Let z be j(23). Let q(k) = -2*k + 25. Calculate q(z).
-1
Let g(x) be the third derivative of x**5/10 - x**4/24 - x**3/6 + 40*x**2 - 2. What is g(-1)?
6
Let j(c) = c**3 - 7*c**2 - 6*c + 12. Suppose 3*h + 24 = 6*h - 2*q, 2*q - 16 = -2*h. Calculate j(h).
28
Let d(j) = j**3 - 2*j**2 - 4*j + 3. Suppose 5*c = -25, 4*g = 3*c - 2*c + 9. Suppose -3 = -3*q, -q - 9 = -3*i - g. Determine d(i).
0
Suppose -3*n = -v - 12, -2*v + 0*v = 5*n - 9. Let u be -1 + n + -4 + -5. Let b(m) = m**2 + 10*m + 10. Determine b(u).
-11
Let n(g) = -g**3 + 758*g - 7*g**2 - 1 + 6*g**3 - 767*g. Let s(x) = -x**3 + x**2 + x + 1. Let z(p) = -n(p) - 4*s(p). Give z(3).
12
Let n(f) be the first derivative of f**4/4 + 7*f**3/3 + 7*f**2/2 + f - 137. Give n(-6).
-5
Suppose 0 = -7*i - 107 + 471. Let k(z) = -6 - 51*z**2 - z + 3 - 2*z + i*z**2. Calculate k(5).
7
Suppose 0 = -2*y - 6*y - 72. Let o(p) = -2*p**2 + 4*p - 2. Let q(b) = -3*b**2 + 3*b - 1. Let x(f) = 4*o(f) - 3*q(f). Calculate x(y).
13
Suppose 13*x - 8*x = 15. Let b(z) be the third derivative of 0*z**x - 1/12*z**4 - 1/30*z**5 + 0 + z**2 + 0*z. What is b(-3)?
-12
Let o(s) = -s + 7. Let q = 13 - 6. Let h be o(q). Let b(z) = z**2 - z - 1. Calculate b(h).
-1
Let u(d) = 19453*d**2 - 19463*d**2 - 5 - 11*d + d**3 + 0. Give u(11).
-5
Let y be 1*-4 - (-11 - -3). Suppose -18 = -2*g + y*q, -2*q - 4 = -5*g + 1. Let o(n) = -3*n**2. Give o(g).
-3
Suppose 105*p - 88*p = 51. Let a(u) = -u**2 + 7*u - 15. Give a(p).
-3
Suppose 4*y + 4*u = 2*u + 16, 4*y - 3*u = 26. Let f(t) = t**2 - 4*t - 6. Give f(y).
-1
Suppose -5*u + 2*u = 0. Let i(w) = -w**2 - 2 - w**3 + 3 + 3*w + u*w**3 + 0. Calculate i(-2).
-1
Let a(r) = 26*r**2 - 7*r**2 + 18*r**3 - 2 - 8*r**2 - 2*r**2 - 8*r**2 - 2*r. What is a(-1)?
-17
Let a(u) be the third derivative of -u**4/24 - u**3 - 38*u**2. Calculate a(-6).
0
Let y(s) = 19*s**2 - 13*s + 18. Let k(t) = 12*t**2 - 9*t + 12. Let g(d) = -8*k(d) + 5*y(d). Determine g(6).
0
Let b be 37/(-6) + 36/216. Let k(h) = h + 1. Give k(b).
-5
Let t(z) = 3*z + 17. Suppose 17 = -3*g + 2*j, g + 15 = -3*j - j. Determine t(g).
-4
Let j(x) = 8*x**2 - 5*x + 1. Let r be 48/30*5/(-2). Let l(b) = -7*b**2 + 4*b - 1. Let f(d) = r*j(d) - 5*l(d). Give f(2).
13
Let m(u) be the second derivative of -u**3/3 - 2*u**2 + 105*u. Determine m(-3).
2
Let l(z) = z**2 - 5*z - 7. Let s(v) = v**2 - 3*v - 6. Let n(x) = -4*l(x) + 5*s(x). What is n(-4)?
-6
Let g = 13 + -7. Let q(j) be the th